 is the value of (9 - 24 - -6) + 9?
0
What is the value of 7 - 15 - (-9 - -2) - (6 + -1)?
-6
What is 10 + 18 + -17 - (-1 - 21)?
33
1 + -11 - (-39 + 24)
5
(1 - -7 - (-33 + 39)) + 6
8
Calculate (0 - (-2 - (1 - 1))) + 13 + -15.
0
Calculate 1597 + -1606 - (7 - 0).
-16
Evaluate 36 - (21 + -10 + -4 + 3 + -6).
32
What is 0 + -37 + (-215 - -227) - (-9 + 0)?
-16
What is -4 + 0 + (14 - 4)?
6
Evaluate 17 - (-2 + 20 - 3).
2
What is the value of (11 - -1 - 9) + 4?
7
3 - (5 + 1 + -3 - (-3 + 9))
6
Calculate -8 - (21 + -3 + -44).
18
Calculate (-42 - -16) + (-4 - -7 - (0 + -2)).
-21
What is 1 + -7 - (5 + (5 - -2) - 10)?
-8
Calculate (-62 + 55 - (-10 + -1) - 10) + 0.
-6
What is -8 - (-6 + (4 - 5)) - (-1 - 2)?
2
What is 1 + -12 - (24 + -44)?
9
What is -11 - ((-1 - 1) + (-77 - -70))?
-2
Calculate 0 + 6 - ((-38 - 15) + 72).
-13
Evaluate (0 - ((-7 - -24) + -12)) + (2 - 2).
-5
What is the value of -9 + -19 + 36 + -24 + 18?
2
0 + -23 + (442 - 421)
-2
Calculate (-7 - -1) + 38 - 5 - 9.
18
3 + -14 + 15 + (-1 + 0 - -6)
9
What is the value of 49 - 27 - (5 + 8)?
9
What is (9 - (12 + 5)) + 6 + -14?
-16
What is the value of (22 - 48) + 28 + 9 + (-2 - -1)?
10
What is the value of 2 + 10 + -14 - 13?
-15
What is -2 - (-5 - (-31 - -12)) - 5?
-21
What is the value of -11 + -2 + (-26 - -27 - (-7 + -1))?
-4
-6 + (5 - (-8 - -16) - -9)
0
What is the value of 0 + -17 - (62 - (52 + 5))?
-22
Evaluate 17 + -19 + (30 - 12).
16
-39 + 23 + 32 - 28
-12
What is the value of 10 + 0 + (-5 - (5 - 5) - 1)?
4
(9 - (8 - 2)) + 3 + 39 + -11
34
What is the value of 17 + -25 + (23 - 4)?
11
Evaluate 0 - 5 - (-8 - -15).
-12
What is 9 - (18 + 11 - (11 - 0))?
-9
Calculate -4 + (-4 - -3) + -12 + -2.
-19
What is 33 - 39 - (4 + (-1 - 2) + -2)?
-5
What is -1 - ((-5 - -6) + (-1 + 2 - 21))?
18
Evaluate -3 + (-4 - (8 + -13)).
-2
Evaluate 40 + -50 + (0 - -1 - -23).
14
What is (1 - (-35 - -15)) + -6 + -14?
1
What is the value of 38 - (3 + -11 + 41)?
5
What is the value of ((10 - -8) + -9 - 7) + -21?
-19
What is 5 + (6 - 19) - -15 - 26?
-19
Calculate -5 + 42 + -10 + -6.
21
Calculate 1 + (23 - 9) + -4.
11
What is the value of 1 - (-3 + (-3 - (-7 + -4 + 6)))?
2
Calculate -5 + 15 + (-8 - -1) + 1 + -10.
-6
What is the value of 6 - 1 - (-5 + -7 + 21)?
-4
What is the value of (1587 - 1585) + -20 + 1?
-17
Evaluate 0 + 7 + 24 + -25 - (-6 + 1).
11
13 - (-20 - -10 - 18) - 15
26
-1 + 0 + (7 + 5 + -14 - -10)
7
-13 + (11 - (-41 - -8)) - 17
14
Evaluate -3 + (15 + -22 - (-2 + 3)) + 11.
0
Calculate -694 - -719 - (0 - -15).
10
Evaluate -25 + (-4 + -2 - -31).
0
What is 9 + -15 + 18 + -1?
11
0 + -8 + -19 + 15 - -16
4
-1 + -6 + 5 + 19
17
Calculate -1 + 1 + 10 + 2 + 3 + 0.
15
Calculate -148 - -133 - (7 + -3).
-19
5 - 4 - 0 - (6 - (25 - 0))
20
What is 15 - (-8 - -30 - 11)?
4
Evaluate 21 - 14 - 2 - 21.
-16
Evaluate -4 + 16 + -9 + (3 - (-6 + 7)).
5
What is the value of -3 + (-13 - -14 - ((-2 - -1) + -6))?
5
5 + -13 + 10 - (-18 - -23)
-3
5 - ((9 - 17 - -8) + 8)
-3
What is (-28 - -38) + (1 + 0 - (2 + 4))?
5
What is the value of 24 - (27 - (-5 - 15))?
-23
Calculate 21 + -9 - (15 - 1).
-2
15 + (-8 + -11 - -13)
9
What is the value of (14 + -9 + 11 - 9) + -11?
-4
Calculate (-14 - -1) + (-4 - 6 - -9 - 1).
-15
What is 6 + (2 - ((5 - 18) + 10)) + -14?
-3
Calculate (2 + (-4 - -4) + -6 - -3) + -1.
-2
What is the value of 9 + 6 + -7 - (-1 - 0)?
9
What is the value of -12 - (12 + (-50 - -20))?
6
What is 8 + 7 + -50 + 4 + 10?
-21
Evaluate (21 - 0) + 0 - (-6 + (32 - 29)).
24
Evaluate -6 - ((4 + -1 - 5) + 1 + -8).
3
Calculate 9 - (4 - (2 + -16)).
-9
What is -4 - ((-2 - -1 - 0) + -21 + 22)?
-4
What is the value of 6 + (4 - (4 + 1 + 3 + -6))?
8
Calculate 20 + -41 + 12 + (-3 - -7).
-5
-10 + 2 + 183 + -167
8
(-142 - -126) + (26 - -1)
11
Evaluate -28 - (-48 + 20 + -33).
33
What is the value of (163 - 196) + 6 + 3?
-24
What is 4 + -6 + 12 + (24 - 11)?
23
What is 19 + (-9 - 14) + -15?
-19
What is the value of -9 + -3 + -8 + 21 - -1?
2
What is the value of -23 - (35 + -23 - 19)?
-16
What is 7 - (0 + 6 + 8 + (-18 - -9))?
2
Calculate (-26 - 4) + -250 + 255.
-25
What is -71 + 79 - (-4 - (-2 + 5))?
15
What is 3 + (1 - -3 - (-7 - (-6 - -1)))?
9
5 + (-4 - -7) - (4 + 33) - 0
-29
Calculate -23 + -5 + 12 + 8.
-8
Calculate (10 + -23 - -18) + (-2 - (-1 + -8)).
12
Evaluate -9 + -15 + -12 + 23.
-13
What is the value of 25 - (20 + -26 + 41)?
-10
Calculate (6 - -2) + (56 - 51).
13
Evaluate -22 + 30 + 2 + -4 + -16.
-10
Calculate 21 + (-14 - -6 - 1).
12
Calculate (-6 - 5) + -7 + 7 + 8.
-3
Evaluate -6 + (7 - -2 - (-7 - (-27 + 14))).
-3
What is 11 - ((17 - 3) + -1)?
-2
-15 - (10 - (26 + -30))
-29
Calculate 6 + (7 - 39) + 10 + (-2 - 4).
-22
What is (0 + 3 - -3) + (1 - 9) + -8?
-10
(-47 + 11 - -28) + 4
-4
Evaluate -4 + -24 + 12 + 8.
-8
Calculate (1 + 31 - 69) + 34.
-3
What is 42 + -2 + -10 + 0 - 12?
18
What is 14 - 9 - (-1 + (-4 + 2 - -2))?
6
What is -13 + 6 + 14 + -37 + 11?
-19
What is the value of 9 + -17 + -9 + 11?
-6
Calculate 14 + -41 - (-6 + -9).
-12
What is the value of (-28 - (22 + -52)) + 1 + -7?
-4
What is ((-11 - -15) + 0 - 2) + 0 + -39?
-37
-13 + -4 + 6 + 54 + -43
0
Calculate 12 + (-4 - 17) + -12.
-21
Calculate (6 - 8 - -2) + (4 - 6 - 10).
-12
What is 1 + (-1 - 2) - (35 - -5 - 28)?
-14
What is the value of -24 + 8 + -1 + 2 - (3 + -6)?
-12
(5 - 4 - (1 - -6)) + (-112 - -111)
-7
Evaluate -1 - (-13 + -1 + (9 - -2)).
2
Calculate 9 + -8 - (18 + (7 - 9) - 2).
-13
What is the value of (-26 - (16 + -52)) + -4 + 0?
6
Evaluate 13 + -19 + 12 + -1.
5
Calculate 4 + -15 + 1 - (-19 + (8 - -33)).
-32
(-5 - 9) + 9 + 0 + -9
-14
What is (5 - (-9 - (-2 + 11))) + -9 + 2?
16
What is the value of 82 - 59 - (20 + 5)?
-2
What is the value of 4 + -4 + -5 + 3 + 29 + -9?
18
1 + -5 + 1 + -4 + -4
-11
What is -1777 + 1785 + -3 + -2 + 3?
6
Calculate -86 - -90 - (4 + -7 - -4 - 2).
5
What is -46 + 28 - (-6 + -4 + 6)?
-14
Calculate -5 + (-8 - (-32 - -12)) - (1 + 2).
4
What is the value of (574 - 586) + (3 - (3 + 10))?
-22
-10 - (9 - (10 - 7) - 17 - -10)
-9
What is 3 + 6 + (-52 - (1 - 17))?
-27
Calculate -5 - (-42 + (5 - (9 - (5 + 5)))).
31
Evaluate 10 - ((-14 - (0 + -7) - -5) + 3).
9
What is -4 - -50 - (35 - -8 - 27)?
30
What is 3 + (-4 - -6) + (21 - 20)?
6
Evaluate (16 + 3 - 2) + (-2 - 4) + 10.
21
Evaluate 17 - 33 - (-10 + 5).
-11
Evaluate (-163 - -172) + (1 - (-6 - (4 + -3))).
17
What is the value of 5 + 0 + 9 + -16 - 3 - -2?
-3
What is the value of (-35 - -33) + 53 - 11?
40
What is the value of (54 - 52) + (-2 - 1) + 8?
7
What is the value of 17 + -18 - (-2 + -3) - (18 - -10)?
-24
Calculate 9 - (-12 + -7 + 30).
-2
What is the value of (-13 - -9) + (0 - 2) + 7?
1
Evaluate 4 + (2 - 2 - 9) + 3 + 7.
5
Evaluate 13 + (10 - 8 - 3) - -6.
18
Calculate -27 + (-1 - 18 - -43).
-3
What is the value of -10 + 2 + 7 - 7 - -8?
0
What is the value of (-41 + 46 - (15 + 1)) + (8 - 3)?
-6
What is (-11 - -18) + -28 - -19?
-2
-3 + (-8 - (10 - -1 - 3))
-19
Calculate 16 - (5 + 1 + 6 + -3 - 6).
13
Evaluate 6 + (-1 + -11 - -27).
21
What is -1 - (-2 - -1) - (1070 - 1093)?
23
What is the value of 27 + -18 + -18 + 1?
-8
Calculate (1 - -1 - 4) + (-1 - (1 - -3)).
-7
What is -31 + 0 + (-252 - -277)?
-6
What is the value of 17 + (-34 - 3 - (-50 + 31))?
-1
Evaluate 56 - 67 - (-9 - (6 + 1)).
5
Evaluate (-58 - -42 - (1 + 2)) + 61 + -55.
-13
Evaluate (19 - 10) + 13 + -30.
-8
Evaluate (-4 + 0 - -10) + (-19 - -5).
-8
What is the value of (-20 - -25) + (-3 - 17) - -4?
-11
Evaluate -2 - -43 - (-645 + 661).
25
What is the value of (22 - 4) + 47 + -63?
2
What is the value of 4 + (6 - -4 - (29 + -10))?
-5
What is 4 - (25 - (6 + 9) - -29)?
-35
What is the value of -7 + (-1 - ((5 - -3) + -8) - -9)?
1
Calculate -30 + 37 - (1 - 3 - -18).
-9
18 - (-14 - (2 + -33))
1
25 + (-10 - 5 - -6) + (0 - 5)
11
16 - (1 + 5 + 8)
2
Calculate (-2 - 8) + (5 - 0).
-5
(6 + -84 - -30) + 22
-26
Evaluate (-43 - -64) + (12 - -2).
35
Calculate 69 + -55 + 29 + -31.
12
What is the value of (11 - (-5 + (14 + -5 - 6))) + 2?
15
What is 30 - 40 - (-10 + -8 + 5)?
3
What is the value of (3 - 6) + (20 - (-8 + 12 + 2))?
11
-63 + 17 - -23 - -25
2
What is the value of (227 - 211) + (-14 - -2)?
4
What is the value of (-1 - (-2 - 6)) + -96 + 50 + 36?
-3
Evaluate -3 + 0 + (-2 + -2 + -1 - -1).
-7
What is the value of (0 - (6 - 4) - (-17 - -3)) + -7?
5
5 - (16 + -2 + -9)
0
Calculate (-8 +